hat is the ten millions digit of 360982471?
6
What is the hundreds digit of 12023420?
4
What is the ten thousands digit of 871129235?
2
What is the hundred thousands digit of 89441858?
4
What is the tens digit of 5166651786?
8
What is the ten thousands digit of 834494827?
9
What is the millions digit of 32794372?
2
What is the hundred thousands digit of 119542157?
5
What is the ten thousands digit of 510005467?
0
What is the thousands digit of 249947732?
7
What is the ten thousands digit of 149672503?
7
What is the thousands digit of 7365896?
5
What is the ten thousands digit of 18990012?
9
What is the tens digit of 66701817?
1
What is the tens digit of 33355636?
3
What is the hundreds digit of 931530750?
7
What is the units digit of 46893913?
3
What is the billions digit of 2809916892?
2
What is the thousands digit of 3964105684?
5
What is the thousands digit of 79720253?
0
What is the units digit of 10551778?
8
What is the millions digit of 55379499?
5
What is the hundreds digit of 15456696?
6
What is the units digit of 2545670534?
4
What is the thousands digit of 1480653390?
3
What is the ten millions digit of 205377018?
0
What is the thousands digit of 938065441?
5
What is the millions digit of 2404160806?
4
What is the billions digit of 2021405703?
2
What is the ten thousands digit of 5268644209?
4
What is the millions digit of 324860943?
4
What is the tens digit of 194059415?
1
What is the ten thousands digit of 100550605?
5
What is the millions digit of 147746275?
7
What is the hundreds digit of 948206?
2
What is the units digit of 51499864?
4
What is the thousands digit of 494840814?
0
What is the ten thousands digit of 5432225?
3
What is the millions digit of 18738343?
8
What is the millions digit of 714656350?
4
What is the ten millions digit of 55918734?
5
What is the hundred millions digit of 440254432?
4
What is the tens digit of 239115203?
0
What is the hundreds digit of 674246358?
3
What is the millions digit of 67997099?
7
What is the thousands digit of 98985667?
5
What is the ten thousands digit of 294016877?
1
What is the hundred thousands digit of 92134160?
1
What is the hundreds digit of 1018958946?
9
What is the millions digit of 1956646857?
6
What is the ten thousands digit of 839113241?
1
What is the millions digit of 49742745?
9
What is the hundreds digit of 274017296?
2
What is the thousands digit of 52078002?
8
What is the hundred thousands digit of 6660558820?
5
What is the hundred millions digit of 1740044703?
7
What is the ten millions digit of 6126469607?
2
What is the thousands digit of 112274536?
4
What is the ten millions digit of 1517225543?
1
What is the hundreds digit of 1759486500?
5
What is the millions digit of 88487796?
8
What is the hundred thousands digit of 1021950861?
9
What is the hundreds digit of 1357313179?
1
What is the ten thousands digit of 642392973?
9
What is the millions digit of 1855297315?
5
What is the hundred thousands digit of 384743190?
7
What is the hundreds digit of 75934484?
4
What is the ten thousands digit of 2754489991?
8
What is the units digit of 55350824?
4
What is the ten thousands digit of 10931165?
3
What is the hundred thousands digit of 85912967?
9
What is the hundreds digit of 815869281?
2
What is the ten thousands digit of 123272123?
7
What is the hundreds digit of 383795630?
6
What is the ten thousands digit of 210941044?
4
What is the ten millions digit of 1765582603?
6
What is the hundred millions digit of 141448123?
1
What is the tens digit of 1901685637?
3
What is the millions digit of 34654973?
4
What is the hundreds digit of 289390766?
7
What is the millions digit of 119427451?
9
What is the units digit of 95792051?
1
What is the ten thousands digit of 616820275?
2
What is the ten millions digit of 1207355216?
0
What is the ten thousands digit of 5361950530?
5
What is the ten millions digit of 45632672?
4
What is the thousands digit of 33661205?
1
What is the thousands digit of 2678099522?
9
What is the billions digit of 1801649156?
1
What is the tens digit of 2795705877?
7
What is the ten millions digit of 414408868?
1
What is the tens digit of 222086304?
0
What is the units digit of 79568029?
9
What is the millions digit of 441662144?
1
What is the thousands digit of 89816603?
6
What is the hundred thousands digit of 273196127?
1
What is the tens digit of 353415825?
2
What is the billions digit of 6405522144?
6
What is the thousands digit of 47123200?
3
What is the thousands digit of 120330250?
0
What is the ten millions digit of 193756546?
9
What is the ten thousands digit of 39530375?
3
What is the units digit of 737648403?
3
What is the millions digit of 73261463?
3
What is the thousands digit of 2518288?
8
What is the hundred millions digit of 834921002?
8
What is the hundred millions digit of 2392239700?
3
What is the ten thousands digit of 19172776?
7
What is the thousands digit of 250738501?
8
What is the hundred thousands digit of 293002076?
0
What is the tens digit of 2737362060?
6
What is the tens digit of 280614100?
0
What is the millions digit of 3208400235?
8
What is the ten thousands digit of 372253650?
5
What is the millions digit of 46442044?
6
What is the hundred millions digit of 2825403748?
8
What is the thousands digit of 60032861?
2
What is the millions digit of 409837604?
9
What is the hundreds digit of 1209985641?
6
What is the millions digit of 3291398672?
1
What is the tens digit of 122713460?
6
What is the ten millions digit of 2845461669?
4
What is the hundreds digit of 405075681?
6
What is the ten thousands digit of 1095150?
9
What is the hundred millions digit of 1803004109?
8
What is the tens digit of 658326045?
4
What is the tens digit of 65746742?
4
What is the units digit of 419365990?
0
What is the millions digit of 91116601?
1
What is the ten millions digit of 111281886?
1
What is the millions digit of 606144091?
6
What is the units digit of 1131402104?
4
What is the hundreds digit of 1005538780?
7
What is the hundreds digit of 173726840?
8
What is the tens digit of 140607307?
0
What is the ten millions digit of 45677906?
4
What is the tens digit of 266692495?
9
What is the hundred thousands digit of 140864262?
8
What is the hundreds digit of 430174548?
5
What is the tens digit of 646556259?
5
What is the hundred thousands digit of 4241988230?
9
What is the hundred thousands digit of 284262867?
2
What is the hundreds digit of 75795248?
2
What is the units digit of 198409347?
7
What is the hundred millions digit of 339828488?
3
What is the ten millions digit of 3225980853?
2
What is the hundred millions digit of 597758009?
5
What is the ten millions digit of 81827984?
8
What is the units digit of 9337676?
6
What is the units digit of 4078278528?
8
What is the units digit of 61565593?
3
What is the ten millions digit of 2237932952?
3
What is the ten millions digit of 99438676?
9
What is the units digit of 257815585?
5
What is the millions digit of 150162698?
0
What is the tens digit of 648161625?
2
What is the hundred thousands digit of 291727252?
7
What is the ten thousands digit of 3219525568?
2
What is the tens digit of 82457642?
4
What is the tens digit of 82285611?
1
What is the ten thousands digit of 342099658?
9
What is the thousands digit of 194216329?
6
What is the hundreds digit of 114443827?
8
What is the hundreds digit of 57294953?
9
What is the units digit of 834678978?
8
What is the ten thousands digit of 96768803?
6
What is the hundred millions digit of 4235410015?
2
What is the hundred millions digit of 232768109?
2
What is the hundred millions digit of 817775677?
8
What is the ten thousands digit of 51337352?
3
What is the ten thousands digit of 433659189?
5
What is the hundreds digit of 49404357?
3
What is the units digit of 235077835?
5
What is the ten thousands digit of 682767630?
6
What is the units digit of 64259712?
2
What is the ten millions digit of 2804117314?
0
What is the hundred thousands digit of 165950411?
9
What is the hundreds digit of 108644005?
0
What is the thousands digit of 85425147?
5
What is the units digit of 31197386?
6
What is the units digit of 59716056?
6
What is the thousands digit of 45359676?
9
What is the ten millions digit of 231606212?
3
What is the millions digit of 93904